{"id":6,"date":"2013-11-08T04:04:10","date_gmt":"2013-11-08T04:04:10","guid":{"rendered":"http:\/\/alcantaracontadores.com.br\/?page_id=6"},"modified":"2013-11-09T02:24:41","modified_gmt":"2013-11-09T02:24:41","slug":"a-empresa","status":"publish","type":"page","link":"https:\/\/alcantaracontadores.com.br\/?page_id=6","title":{"rendered":"A Empresa"},"content":{"rendered":"<p>Fundada em 15.07.1985, com sede pr\u00f3pria na Tijuca, bairro tradicional da cidade do Rio de Janeiro, ocupando uma \u00e1rea constru\u00edda de 750m2, em uma rua arborizada, de f\u00e1cil estacionamento, a ALCANTARA CONTADORES ASSOCIADOS LTDA. \u00e9 uma empresa brasileira que apresenta uma qualidade diferenciada de presta\u00e7\u00e3o de servi\u00e7os.<\/p>\n<p>A ALCANTARA busca para cada cliente solu\u00e7\u00f5es abrangentes e inovadoras, trabalhando com compet\u00eancia, e alcan\u00e7ando um alto \u00edndice de resultados. Seus profissionais s\u00e3o altamente treinados para auxiliar o cliente de acordo com a sua necessidade especifica. Dando atendimento personalizado, que vai desde o detalhamento t\u00e9cnico, implanta\u00e7\u00e3o e assessoramento. Com elevado padr\u00e3o tecnol\u00f3gico, a ALCANTARA vem ampliando de forma criativa e vers\u00e1til sua atua\u00e7\u00e3o, e fortalecendo a cada dia o seu nome no mercado.<\/p>\n<div id=\"I1887_sys_txt\">\n<p><b>NOSSA MISS\u00c3O<\/b><\/p>\n<p>Contribuir para o sucesso dos neg\u00f3cios de nossos clientes, atuando com excel\u00eancia na presta\u00e7\u00e3o de servi\u00e7os cont\u00e1beis, visando o desenvolvimento da sociedade e o progresso do pa\u00eds.<\/p>\n<\/div>\n<div id=\"I1888\"><\/div>\n<div id=\"I1889\">\n<div id=\"I1889_sys_txt\">\n<p><b>NOSSA VIS\u00c3O<\/b><\/p>\n<p>Ser uma empresa \u00e0 frente de seu tempo diante das altera\u00e7\u00f5es legislativas por meio da inova\u00e7\u00e3o e moderniza\u00e7\u00e3o dos procedimentos cont\u00e1beis.<\/p>\n<\/div>\n<\/div>\n<div id=\"I1890\"><\/div>\n<div id=\"I1886\">\n<div id=\"I1886_sys_txt\">\n<p><b>NOSSOS VALORES<\/b><\/p>\n<p>1 Nossos servi\u00e7os est\u00e3o fundamentados no mais alto padr\u00e3o de \u00e9tica;<\/p>\n<p>2 Prezamos a confian\u00e7a no relacionamento com nossos clientes atuando de forma respons\u00e1vel e transparente;<\/p>\n<p>3 Trabalhamos em cont\u00ednua sintonia com seriedade e respeito m\u00fatuo fazendo da profiss\u00e3o cont\u00e1bil uma verdadeira paix\u00e3o para todos os colaboradores.<\/p>\n<\/div>\n<\/div>\n","protected":false},"excerpt":{"rendered":"<p>Fundada em 15.07.1985, com sede pr\u00f3pria na Tijuca, bairro tradicional da cidade do Rio de Janeiro, ocupando uma \u00e1rea constru\u00edda de 750m2, em uma rua arborizada, de f\u00e1cil estacionamento, a ALCANTARA CONTADORES ASSOCIADOS LTDA. \u00e9 uma empresa brasileira que apresenta uma qualidade diferenciada de presta\u00e7\u00e3o de servi\u00e7os. A ALCANTARA busca para cada cliente solu\u00e7\u00f5es abrangentes &hellip; <a href=\"https:\/\/alcantaracontadores.com.br\/?page_id=6\" class=\"more-link\">Continue lendo <span class=\"screen-reader-text\">A Empresa<\/span> <span class=\"meta-nav\">&rarr;<\/span><\/a><\/p>\n","protected":false},"author":1,"featured_media":0,"parent":0,"menu_order":0,"comment_status":"closed","ping_status":"open","template":"","meta":{"footnotes":""},"class_list":["post-6","page","type-page","status-publish","hentry"],"_links":{"self":[{"href":"https:\/\/alcantaracontadores.com.br\/index.php?rest_route=\/wp\/v2\/pages\/6","targetHints":{"allow":["GET"]}}],"collection":[{"href":"https:\/\/alcantaracontadores.com.br\/index.php?rest_route=\/wp\/v2\/pages"}],"about":[{"href":"https:\/\/alcantaracontadores.com.br\/index.php?rest_route=\/wp\/v2\/types\/page"}],"author":[{"embeddable":true,"href":"https:\/\/alcantaracontadores.com.br\/index.php?rest_route=\/wp\/v2\/users\/1"}],"replies":[{"embeddable":true,"href":"https:\/\/alcantaracontadores.com.br\/index.php?rest_route=%2Fwp%2Fv2%2Fcomments&post=6"}],"version-history":[{"count":5,"href":"https:\/\/alcantaracontadores.com.br\/index.php?rest_route=\/wp\/v2\/pages\/6\/revisions"}],"predecessor-version":[{"id":36,"href":"https:\/\/alcantaracontadores.com.br\/index.php?rest_route=\/wp\/v2\/pages\/6\/revisions\/36"}],"wp:attachment":[{"href":"https:\/\/alcantaracontadores.com.br\/index.php?rest_route=%2Fwp%2Fv2%2Fmedia&parent=6"}],"curies":[{"name":"wp","href":"https:\/\/api.w.org\/{rel}","templated":true}]}}