{"id":15,"date":"2013-11-08T04:06:05","date_gmt":"2013-11-08T04:06:05","guid":{"rendered":"http:\/\/alcantaracontadores.com.br\/?page_id=15"},"modified":"2013-11-09T02:39:52","modified_gmt":"2013-11-09T02:39:52","slug":"links-2","status":"publish","type":"page","link":"https:\/\/alcantaracontadores.com.br\/?page_id=15","title":{"rendered":"Links"},"content":{"rendered":"<p>Certid\u00f5es:<\/p>\n<ul>\n<li><a href=\"https:\/\/webp.caixa.gov.br\/cidadao\/Crf\/FgeCfSCriteriosPesquisa.asp\" target=\"_blank\"><strong>FGTS<\/strong><\/a><\/li>\n<li><a href=\"http:\/\/www010.dataprev.gov.br\/CWS\/CONTEXTO\/PCND1\/PCND1.HTML\" target=\"_blank\"><strong>INSS<\/strong><\/a><\/li>\n<li><a href=\"http:\/\/www.receita.fazenda.gov.br\/Grupo2\/CertidoesSRF.htm\" target=\"_blank\"><strong>Certid\u00e3o Conjunta de D\u00e9bitos relativos a Tributos Federais e \u00e0 D\u00edvida Ativa da Uni\u00e3o<\/strong><\/a><\/li>\n<li><a href=\"http:\/\/www.fazenda.pr.gov.br\/modules\/conteudo\/conteudo.php?conteudo=266\" target=\"_blank\"><strong>Certid\u00e3o Negativa de D\u00e9bitos de Tributos Estaduais<\/strong><\/a><\/li>\n<li><a href=\"http:\/\/www.receita.fazenda.gov.br\/PessoaJuridica\/CNPJ\/cnpjreva\/Cnpjreva_Solicitacao.asp\" target=\"_blank\"><strong>Consulta CNPJ<\/strong><\/a><\/li>\n<li><a href=\"http:\/\/www.receita.fazenda.gov.br\/Aplicacoes\/ATCTA\/cpf\/ConsultaPublica.asp\" target=\"_blank\"><strong>Consulta CPF<\/strong><\/a><\/li>\n<\/ul>\n<p>Sites:<\/p>\n<ul>\n<li><a href=\"http:\/\/www.receita.fazenda.gov.br\/\" target=\"_blank\"><strong>Receita Federal<\/strong><\/a><\/li>\n<li><a href=\"http:\/\/www.fazenda.pr.gov.br\/index.php\" target=\"_blank\"><strong>Secretaria de Estado da Fazenda<\/strong><\/a><\/li>\n<li><a href=\"http:\/\/www.sintegra.gov.br\/\" target=\"_blank\"><strong>Sintegra<\/strong><\/a><\/li>\n<li><a href=\"http:\/\/www.inss.gov.br\/\" target=\"_blank\"><strong>INSS<\/strong><\/a><\/li>\n<li><a href=\"http:\/\/www.caixa.gov.br\/\" target=\"_blank\"><strong>Caixa Econ\u00f4mica Federal<\/strong><\/a><\/li>\n<\/ul>\n","protected":false},"excerpt":{"rendered":"<p>Certid\u00f5es: FGTS INSS Certid\u00e3o Conjunta de D\u00e9bitos relativos a Tributos Federais e \u00e0 D\u00edvida Ativa da Uni\u00e3o Certid\u00e3o Negativa de D\u00e9bitos de Tributos Estaduais Consulta CNPJ Consulta CPF Sites: Receita Federal Secretaria de Estado da Fazenda Sintegra INSS Caixa Econ\u00f4mica Federal<\/p>\n","protected":false},"author":1,"featured_media":0,"parent":0,"menu_order":0,"comment_status":"closed","ping_status":"open","template":"","meta":{"footnotes":""},"class_list":["post-15","page","type-page","status-publish","hentry"],"_links":{"self":[{"href":"https:\/\/alcantaracontadores.com.br\/index.php?rest_route=\/wp\/v2\/pages\/15","targetHints":{"allow":["GET"]}}],"collection":[{"href":"https:\/\/alcantaracontadores.com.br\/index.php?rest_route=\/wp\/v2\/pages"}],"about":[{"href":"https:\/\/alcantaracontadores.com.br\/index.php?rest_route=\/wp\/v2\/types\/page"}],"author":[{"embeddable":true,"href":"https:\/\/alcantaracontadores.com.br\/index.php?rest_route=\/wp\/v2\/users\/1"}],"replies":[{"embeddable":true,"href":"https:\/\/alcantaracontadores.com.br\/index.php?rest_route=%2Fwp%2Fv2%2Fcomments&post=15"}],"version-history":[{"count":2,"href":"https:\/\/alcantaracontadores.com.br\/index.php?rest_route=\/wp\/v2\/pages\/15\/revisions"}],"predecessor-version":[{"id":42,"href":"https:\/\/alcantaracontadores.com.br\/index.php?rest_route=\/wp\/v2\/pages\/15\/revisions\/42"}],"wp:attachment":[{"href":"https:\/\/alcantaracontadores.com.br\/index.php?rest_route=%2Fwp%2Fv2%2Fmedia&parent=15"}],"curies":[{"name":"wp","href":"https:\/\/api.w.org\/{rel}","templated":true}]}}