{"id":12,"date":"2013-11-08T04:05:35","date_gmt":"2013-11-08T04:05:35","guid":{"rendered":"http:\/\/alcantaracontadores.com.br\/?page_id=12"},"modified":"2013-11-09T02:42:16","modified_gmt":"2013-11-09T02:42:16","slug":"links","status":"publish","type":"page","link":"https:\/\/alcantaracontadores.com.br\/?page_id=12","title":{"rendered":"D\u00favidas"},"content":{"rendered":"<div id=\"I1845_sys_txt\">\n<p><b><span style=\"color: #006699;\">Posso fazer minha contabilidade sozinho?<\/span><\/b><\/p>\n<p>N\u00e3o \u00e9 recomend\u00e1vel aventurar-se sem ter conhecimentos cont\u00e1beis, pois a legisla\u00e7\u00e3o brasileira exige obriga\u00e7\u00f5es comerciais, tribut\u00e1rias, fiscais, trabalhistas e previdenci\u00e1rias que s\u00e3o complexas e rigorosas. Todas requerem conhecimentos espec\u00edficos que o profissional de contabilidade possui.<\/p>\n<\/div>\n<div id=\"I1849\"><\/div>\n<div id=\"I1846\">\n<div id=\"I1846_sys_txt\">\n<p><b><span style=\"color: #006699;\">A Microempresa precisa fazer contabilidade?\u00a0<\/span><\/b><\/p>\n<p>Sim. A Microempresa tamb\u00e9m possui obriga\u00e7\u00f5es legais, fiscais, tribut\u00e1rias e trabalhistas como qualquer empresa, a diferen\u00e7a \u00e9 que est\u00e1 dispensada de entrega de alguns livros fiscais.<\/p>\n<\/div>\n<\/div>\n<div id=\"I1850\"><\/div>\n<div id=\"I1843\">\n<table border=\"0\" cellspacing=\"0\" cellpadding=\"0\">\n<tbody>\n<tr>\n<td id=\"Left_I1843\">\n<div id=\"I1847\">\n<div id=\"I1847_sys_txt\">\n<p>\u00a0<b><span style=\"color: #006699;\">O que a contabilidade pode fazer pela empresa?<\/span><\/b><\/p>\n<p><span style=\"color: #404040;\">Existe uma tend\u00eancia a pensar que a contabilidade serve apenas para fins fiscais, ou seja, pagar os impostos e entregar as declara\u00e7\u00f5es. Isso \u00e9 importante, por\u00e9m mais importante \u00e9 saber que a contabilidade \u00e9 um retrato da empresa. Fornece informa\u00e7\u00f5es essenciais para gest\u00e3o dos neg\u00f3cios. Pode ser usada para avaliar a situa\u00e7\u00e3o financeira atual, analisar o hist\u00f3rico de crescimento da empresa, os custos, onde est\u00e1 tendo lucro e onde est\u00e1 tendo preju\u00edzo. Com a contabilidade o empres\u00e1rio pode controlar e gerir sua empresa com melhor efici\u00eancia.<\/span><\/p>\n<\/div>\n<\/div>\n<div id=\"I1851\"><\/div>\n<div id=\"I380\">\n<div id=\"I380_sys_txt\">\n<p><b><span style=\"color: #006699;\">Quais s\u00e3o as obriga\u00e7\u00f5es b\u00e1sicas exigidas das empresas?<\/span><\/b><\/p>\n<p><span style=\"color: #404040;\">Abaixo uma lista feita pelo\u00a0<a href=\"http:\/\/www.sitecontabil.com.br\/textos.htm\">SiteCont\u00e1bil\u00a0<\/a>das obriga\u00e7\u00f5es exigida da maioria das empresas:<\/span><\/p>\n<p><span style=\"color: #404040;\">1. Estatuto ou Contrato Social<\/span><\/p>\n<p><span style=\"color: #404040;\">2. Contabilidade<\/span><\/p>\n<p><span style=\"color: #404040;\">3. Balan\u00e7o\u00a0<\/span><\/p>\n<p><span style=\"color: #404040;\">4. Livro Di\u00e1rio<\/span><\/p>\n<p><span style=\"color: #404040;\">5. Livro Raz\u00e3o<\/span><\/p>\n<p><span style=\"color: #404040;\">6. Declara\u00e7\u00e3o de Ajuste Anual do Imposto de Renda das Pessoas F\u00edsicas<\/span><\/p>\n<p><span style=\"color: #404040;\">7. DIRF\u00a0<\/span><\/p>\n<p><span style=\"color: #404040;\">8. Imposto de Renda Retido na Fonte\u00a0<\/span><\/p>\n<p><span style=\"color: #404040;\">9. Livro de Inspe\u00e7\u00e3o do Trabalho\u00a0<\/span><\/p>\n<p><span style=\"color: #404040;\">10. Livro de Registro de Empregados\u00a0<\/span><\/p>\n<p><span style=\"color: #404040;\">11. Folha de Pagamentos\u00a0<\/span><\/p>\n<p><span style=\"color: #404040;\">12. GPS\u00a0<\/span><\/p>\n<p><span style=\"color: #404040;\">13. GFIP\u00a0<\/span><\/p>\n<p><span style=\"color: #404040;\">14. GRFP\u00a0<\/span><\/p>\n<p><span style=\"color: #404040;\">15. CAGED\u00a0<\/span><\/p>\n<p><span style=\"color: #404040;\">16. Rais\u00a0<\/span><\/p>\n<p><span style=\"color: #404040;\">17. Contribui\u00e7\u00e3o Sindical\u00a0<\/span><\/p>\n<p><span style=\"color: #404040;\">18. Contribui\u00e7\u00e3o Confederativa\u00a0<\/span><\/p>\n<p><span style=\"color: #404040;\">19. Contribui\u00e7\u00e3o Assistencial\u00a0<\/span><\/p>\n<p><span style=\"color: #404040;\">20. Contribui\u00e7\u00e3o Associativa\u00a0<\/span><\/p>\n<p><span style=\"color: #404040;\">21. NR-7\u00a0<\/span><\/p>\n<p><span style=\"color: #404040;\">22. NR-9\u00a0<\/span><\/p>\n<p><span style=\"color: #404040;\">23. Informes de Rendimentos das Pessoas F\u00edsicas\u00a0<\/span><\/p>\n<p><span style=\"color: #404040;\">24. Informes de Rendimentos das Pessoas Jur\u00eddicas\u00a0<\/span><\/p>\n<p><span style=\"color: #404040;\">25. DIPJ\u00a0<\/span><\/p>\n<p><span style=\"color: #404040;\">26. Lalur\u00a0<\/span><\/p>\n<p><span style=\"color: #404040;\">27. Imposto de Renda &#8211; PJ\u00a0<\/span><\/p>\n<p><span style=\"color: #404040;\">28. CSLL<\/span><\/p>\n<p><span style=\"color: #404040;\">29. PIS sobre o Faturamento<\/span><\/p>\n<p><span style=\"color: #404040;\">30.PIS sobre a Folha de Pagamento\u00a0<\/span><\/p>\n<p><span style=\"color: #404040;\">31. Cofins\u00a0<\/span><\/p>\n<p><span style=\"color: #404040;\">32. DCTF\u00a0<\/span><\/p>\n<p><span style=\"color: #404040;\">33. Simples Federal\u00a0<\/span><\/p>\n<p><span style=\"color: #404040;\">34. Rubrica no Balan\u00e7o\u00a0<\/span><\/p>\n<p><span style=\"color: #404040;\">35. DIPI\u00a0<\/span><\/p>\n<p><span style=\"color: #404040;\">36. Livro de Registro de Apura\u00e7\u00e3o do IPI\u00a0<\/span><\/p>\n<p><span style=\"color: #404040;\">37. Livro de Registro de Entradas (IPI)\u00a0<\/span><\/p>\n<p><span style=\"color: #404040;\">38. Livro de Registro de Sa\u00eddas (IPI)\u00a0<\/span><\/p>\n<p><span style=\"color: #404040;\">39. Livro de Registro e Controle da Produ\u00e7\u00e3o e do Estoque\u00a0<\/span><\/p>\n<p><span style=\"color: #404040;\">40. IPI\u00a0<\/span><\/p>\n<p><span style=\"color: #404040;\">41. Guia de Apura\u00e7\u00e3o Mensal\u00a0<\/span><\/p>\n<p><span style=\"color: #404040;\">42. Livro de Apura\u00e7\u00e3o do ICMS\u00a0<\/span><\/p>\n<p><span style=\"color: #404040;\">43. Livro de Registro de Entradas(ICMS)\u00a0<\/span><\/p>\n<p><span style=\"color: #404040;\">44. Livro de Registro de Sa\u00eddas (ICMS)\u00a0<\/span><\/p>\n<p><span style=\"color: #404040;\">45. ICMS\u00a0<\/span><\/p>\n<p><span style=\"color: #404040;\">46. ICMS em Substitui\u00e7\u00e3o Tribut\u00e1ria\u00a0<\/span><\/p>\n<p><span style=\"color: #404040;\">47. Guia de Apura\u00e7\u00e3o Anual &#8211; Simples<\/span><\/p>\n<p><span style=\"color: #404040;\">48. Livro de Registro de Invent\u00e1rio\u00a0<\/span><\/p>\n<p><span style=\"color: #404040;\">49. Autoriza\u00e7\u00e3o de Impress\u00e3o de Documentos Fiscais (estadual)\u00a0<\/span><\/p>\n<p><span style=\"color: #404040;\">50. Livro Modelo 6\u00a0<\/span><\/p>\n<p><span style=\"color: #404040;\">51. Livro de Registro Modelos 51 e 53\u00a0<\/span><\/p>\n<p><span style=\"color: #404040;\">52. Livro Termo de Ocorr\u00eancia\u00a0<\/span><\/p>\n<p><span style=\"color: #404040;\">53. ISS\u00a0<\/span><\/p>\n<p><span style=\"color: #404040;\">54. Autoriza\u00e7\u00e3o de Impress\u00e3o de Documentos Fiscais (municipal)\u00a0<\/span><\/p>\n<p><span style=\"color: #404040;\">55. ISS Simples\u00a0<\/span><\/p>\n<p><span style=\"color: #404040;\">56. Livro Caixa<\/span><\/p>\n<\/div>\n<\/div>\n<\/td>\n<\/tr>\n<\/tbody>\n<\/table>\n<\/div>\n","protected":false},"excerpt":{"rendered":"<p>Posso fazer minha contabilidade sozinho? N\u00e3o \u00e9 recomend\u00e1vel aventurar-se sem ter conhecimentos cont\u00e1beis, pois a legisla\u00e7\u00e3o brasileira exige obriga\u00e7\u00f5es comerciais, tribut\u00e1rias, fiscais, trabalhistas e previdenci\u00e1rias que s\u00e3o complexas e rigorosas. Todas requerem conhecimentos espec\u00edficos que o profissional de contabilidade possui. A Microempresa precisa fazer contabilidade?\u00a0 Sim. A Microempresa tamb\u00e9m possui obriga\u00e7\u00f5es legais, fiscais, tribut\u00e1rias e &hellip; <a href=\"https:\/\/alcantaracontadores.com.br\/?page_id=12\" class=\"more-link\">Continue lendo <span class=\"screen-reader-text\">D\u00favidas<\/span> <span class=\"meta-nav\">&rarr;<\/span><\/a><\/p>\n","protected":false},"author":1,"featured_media":0,"parent":0,"menu_order":0,"comment_status":"closed","ping_status":"open","template":"","meta":{"footnotes":""},"class_list":["post-12","page","type-page","status-publish","hentry"],"_links":{"self":[{"href":"https:\/\/alcantaracontadores.com.br\/index.php?rest_route=\/wp\/v2\/pages\/12","targetHints":{"allow":["GET"]}}],"collection":[{"href":"https:\/\/alcantaracontadores.com.br\/index.php?rest_route=\/wp\/v2\/pages"}],"about":[{"href":"https:\/\/alcantaracontadores.com.br\/index.php?rest_route=\/wp\/v2\/types\/page"}],"author":[{"embeddable":true,"href":"https:\/\/alcantaracontadores.com.br\/index.php?rest_route=\/wp\/v2\/users\/1"}],"replies":[{"embeddable":true,"href":"https:\/\/alcantaracontadores.com.br\/index.php?rest_route=%2Fwp%2Fv2%2Fcomments&post=12"}],"version-history":[{"count":3,"href":"https:\/\/alcantaracontadores.com.br\/index.php?rest_route=\/wp\/v2\/pages\/12\/revisions"}],"predecessor-version":[{"id":43,"href":"https:\/\/alcantaracontadores.com.br\/index.php?rest_route=\/wp\/v2\/pages\/12\/revisions\/43"}],"wp:attachment":[{"href":"https:\/\/alcantaracontadores.com.br\/index.php?rest_route=%2Fwp%2Fv2%2Fmedia&parent=12"}],"curies":[{"name":"wp","href":"https:\/\/api.w.org\/{rel}","templated":true}]}}